at is the highest common divisor of s and 82?
41
Let b be (-104)/156*(-1 - 56). Suppose b = 7*n - 3*n + 2*d, 5*n - d = 44. Calculate the greatest common factor of n and 36.
9
Suppose 0 = 6*k - 2*k - 4. Let n be 0/(k*2/2). Suppose n = 4*f + 4*b - 16, -f - 4*f = -5*b - 10. Calculate the greatest common factor of 27 and f.
3
Suppose 39*f - 53*f + 4270 = 0. What is the highest common factor of f and 15?
5
Suppose 2*a - 4*i - 50 = 0, -58 = 4*a - 4*i - 146. Suppose 13*z = -25 + 77. Let b be 687/12 + ((-75)/(-20) - z). What is the greatest common divisor of b and a?
19
Let q(u) = -u**2 + 16*u - 60. Let n be q(6). Suppose -3*j + 228 = -3*h + 4*h, n = 4*j + 4*h - 312. Calculate the highest common factor of j and 25.
25
Let y(v) = -26 + 1256*v + 10 - 1258*v - 17 - 14. Let q be y(-26). Calculate the highest common factor of q and 85.
5
Suppose 15246 = 30*n - 7524. Calculate the greatest common divisor of 99 and n.
33
Suppose -4*g + 3*q + 1140 + 7143 = 0, -q - 2071 = -g. Calculate the highest common divisor of 585 and g.
45
Let w = -86 + 134. Let d be 4 + w - (4 - 0). Suppose -3*u = u - d. What is the highest common factor of u and 8?
4
Suppose -8*c + 7 + 25 = 0. Let t be (-10)/(-12) + c/24 - -94. Suppose 0*k - 104 = -3*k + 5*p, 3*k + 4*p = t. What is the greatest common divisor of 44 and k?
11
Suppose 641*d = 562*d + 5293. Calculate the greatest common factor of d and 536.
67
Let n be (1/(-2)*-7)/(4/88). Let o be 2/10 - 218/(-10). What is the greatest common factor of n and o?
11
Let g = 276 + -274. Suppose -4*w + 2*f = -264, -g*w = -w - 2*f - 63. Calculate the greatest common factor of w and 1.
1
Suppose 0*i - k + 19 = 4*i, 0 = -2*i - 2*k + 14. Let b be (46/10 - -5)/(i/10). What is the highest common divisor of 48 and b?
24
Let p be ((-39)/(-9))/((-1)/(-12)). Let x = 1952 + -1861. What is the highest common divisor of p and x?
13
Let c(s) be the first derivative of -2*s**2 + s - s**3 - 4 + 1/4*s**4. Let y be c(4). Calculate the greatest common divisor of y and 5.
1
Suppose 0 = -26*p + 420 - 30. Let n = -6 - -10. Suppose n*m - 6*m + 10 = 0. Calculate the highest common divisor of m and p.
5
Suppose -4*m - 4*t = -40284, 2*m - 8238 - 11919 = t. What is the greatest common factor of m and 44?
44
Suppose 4*f - 168 = -3*j, 2*j + 7*f - 112 = 2*f. Let w = j + 0. Let y = -4 - -18. What is the highest common divisor of y and w?
14
Let l = 248 + -158. Suppose 0 = 10*x + l - 270. Calculate the greatest common divisor of 210 and x.
6
Let h(n) = -74*n + 1028. Let v be h(12). What is the highest common divisor of 2212 and v?
28
Let k = 730 - 499. Let f = 31 - -2. What is the highest common divisor of f and k?
33
Suppose 9*y = -3*h + 7*y + 195, h = 2*y + 57. Suppose 6*k = 3*k + 27. What is the highest common divisor of h and k?
9
Let m be (-6)/(-7*(-12)/(-42)). Calculate the highest common divisor of m and 879.
3
Suppose -66*c + 405 = -21*c. Suppose c*k - 2*k - 105 = 0. Calculate the highest common divisor of 165 and k.
15
Let g(h) = -h**3 - h**2 + 4*h - 6. Let u be g(-3). Let a(w) = -w**2 + w + 25. Let v be a(u). Calculate the highest common divisor of v and 5.
5
Suppose 28 = i + 5*x, 9*i - 4*i = 3*x + 84. What is the greatest common divisor of i and 3324?
6
Suppose -n - 10*n + 308 = 0. Let d be 2/(-7) + 8/n*2066. What is the highest common factor of d and 59?
59
Let j(p) = 3*p - 36. Let u(f) = 1. Suppose 0 = -y - 41 + 32. Let z(q) = y*u(q) + j(q). Let a be z(21). Calculate the greatest common factor of 72 and a.
18
Let x(n) = 44*n - 502. Let m be x(13). Calculate the highest common factor of 2366 and m.
14
Suppose -59*t = -58*t - 49. Suppose 2*b = 3*q + 31 + 11, 5*b - 3*q - 105 = 0. Calculate the greatest common divisor of t and b.
7
Let o be 48/(-2)*(-65)/(-52). Let h be ((-20)/o)/(4/18). Suppose -g + h*g - 28 = -4*c, 16 = -4*c. What is the highest common divisor of g and 176?
22
Let r(g) = -g + 17. Let d be r(7). Let v(h) = -18*h - 4. Let k be v(-3). Let f be k/(-4)*(-56)/70. Calculate the highest common factor of d and f.
10
Suppose 3*p + 4143 = 4*d + 127, -5*p - 3001 = -3*d. What is the greatest common factor of d and 38?
19
Let g be (-3)/(-2 + 5) - (17 - 82). Let t be -144*(-7 - (0 - 3)). What is the greatest common factor of g and t?
64
Suppose -2*m - 3*s = -27, 2*m - 5*s + s = 48. Let a = 22 + -5. Suppose -a*l + 144 = -5*l. Calculate the greatest common factor of l and m.
6
Suppose -3*n + 5*w + 29784 = -4227, 4*n - 5*w = 45353. Calculate the highest common divisor of 318 and n.
106
Let t(u) = -4427*u + 789. Let g be t(-5). What is the greatest common factor of g and 44?
44
Let w be (-4 - (-4)/(-32)*-12) + (-878)/(-4). What is the highest common divisor of w and 31?
31
Let r be 276 + (-8)/(-6)*(-2 + 8). What is the highest common factor of 28 and r?
4
Let y = 11007 - 10611. Calculate the greatest common factor of 77 and y.
11
Let d(o) = -o**2 - 111*o - 315. Let x be d(-16). What is the greatest common divisor of x and 10?
5
Suppose -2*i = 5*q + 36, -2*i = -6 + 12. Let z be (22/10)/(q/(-60)). What is the highest common divisor of 374 and z?
22
Let r be (21/(-28) - 1613349/(-252)) + 4/7. Calculate the greatest common divisor of 132 and r.
66
Let d be -2*((-9424)/114 - (-6)/9). What is the greatest common divisor of d and 16?
4
Let m be 8 - 0 - (-1 + -2)/((-45)/(-30)). What is the greatest common divisor of 2410 and m?
10
Let y = -4338 + 4398. Suppose 739 - 199 = 3*c. What is the greatest common divisor of c and y?
60
Let v be 0/12 + 8/2. Suppose -3*l + 4*o = -117, v*l - 5*o + o - 152 = 0. What is the greatest common divisor of 385 and l?
35
Suppose 0*y - y + 1 = 0. Let b be (-2)/(-3*y/21). Suppose -4*h - 4*u + 54 + b = 0, 15 = 3*u. What is the greatest common factor of h and 48?
12
Let n(p) = -p**2 + 7*p - 8. Let g be n(5). Let z be (-3)/g*4 + 156. What is the highest common divisor of z and 50?
50
Let h(o) = 2*o**3 + 48*o**2 - 43*o + 371. Let p be h(-25). Calculate the greatest common factor of p and 252.
28
Let y(a) = -a**3 - 4*a + 19. Let o be y(0). Suppose -o*v + 12*v = -1638. Calculate the greatest common divisor of v and 54.
18
Let v(d) = 201*d - 16. Let j be v(6). Suppose 5*w = -2*w + j. Suppose -6*r = 4*r - w. Calculate the highest common factor of 136 and r.
17
Let i(b) = 15*b**3 + 7*b**2 + 14*b - 45. Let g be i(3). What is the highest common divisor of 1023 and g?
93
Let d(z) = -636*z + 137598. Let k be d(216). Let l be (-98)/(-4)*12 + 2. Calculate the greatest common factor of l and k.
74
Suppose 469*b - 10380 = -223*b. Let a = -7 + 4. Let u be (10/(-6))/(1/a). Calculate the greatest common divisor of b and u.
5
Let w be (-36)/27 + (-1616)/(-6). Suppose 0 = -2*x - 142 + w. Calculate the highest common divisor of 28 and x.
7
Let m(t) = -4*t + 36. Let g be m(13). Let r(k) = k**3 + 16*k**2 - 13*k + 37. Let w be r(g). What is the greatest common factor of w and 49?
49
Let u = 650 + -307. Suppose 3*v - 16 - 209 = -2*g, -v = -3*g + u. Let q = 244 - g. What is the greatest common divisor of q and 10?
10
Let b = 1868 + -1833. What is the highest common factor of b and 1785?
35
Suppose 0 = 7*u + z - 2000, -3*z + 5*z - 568 = -2*u. What is the highest common factor of 2626 and u?
26
Let j(r) = 3*r**3 - 127*r**2 - 85*r - 38. Let l(m) = 9*m + 151. Let w be l(-12). Let s be j(w). Calculate the greatest common factor of 535 and s.
5
Suppose -4*d + 15906 = 5*c, 731*c = 728*c + 3*d + 9576. What is the highest common divisor of c and 472?
118
Let b be (0/(-3 + 9))/1. Suppose 14*v - 11*v - 147 = b. What is the highest common factor of v and 98?
49
Let w = 20 + -12. Suppose 14*z - 190 = -2*m + 11*z, -z + 2 = 0. What is the greatest common factor of m and w?
4
Suppose 25 = -3373*p + 3375*p - 5*r, -3*p = 3*r - 153. Suppose -3*q + 98 = -562. Calculate the highest common factor of q and p.
20
Let v = -7000 - -13912. Calculate the greatest common divisor of 27 and v.
27
Let a(s) = 56*s**2 - 95*s + 1089. Let g be a(11). Calculate the greatest common divisor of g and 88.
44
Let l(n) = n**2 + 2*n - 8. Suppose -3*k + 2*o = -18, 3*k - 2*o - 12 = k. Let z be l(k). Calculate the greatest common factor of z and 20.
20
Let g(l) = l**2 - 10*l + 6. Let j be g(17). Suppose -119*p + j*p = 96. Calculate the highest common factor of 256 and p.
16
Let b = -14666 + 17066. What is the grea